{"id":137,"date":"2018-11-16T13:11:24","date_gmt":"2018-11-16T12:11:24","guid":{"rendered":"https:\/\/dev.infri.ch\/secretariat-general\/"},"modified":"2024-07-11T15:27:55","modified_gmt":"2024-07-11T13:27:55","slug":"generalsekretariat","status":"publish","type":"page","link":"https:\/\/dev.infri.ch\/de\/verband\/generalsekretariat\/","title":{"rendered":"Generalsekretariat"},"content":{"rendered":"<p>Das Generalsekretariat von INFRI f\u00fchrt folgende T\u00e4tigkeiten aus:<\/p>\n<ul>\n<li>der juristische Rat f\u00fcr die Mitglieder; insbesondere betreffend den Fragen zum Arbeitsrecht und f\u00fcr die Anwendung des GAV,<\/li>\n<li>die Unterst\u00fctzung der Mitglieder und die spezialisierten Kommissionen von INFRI f\u00fcr alle Fragen zu den Institiutionen,<\/li>\n<li>die Vertretung innerhalb der Kommissionen des Staates,<\/li>\n<li>die Verwaltung der Beziehungen mit den verschiedenen Partnern von INFRI,<\/li>\n<li>die Koordination der Aktivit\u00e4ten der Mitglieder und die Vorbereitung der zu bearbeiteten Dossiers von INFRI,<\/li>\n<li>die interne und externe Kommunikation der Vereinigung.<\/li>\n<\/ul>\n<table style=\"border-collapse: collapse; width: 100%;\">\n<tbody>\n<tr>\n<td style=\"width: 100%;\"><img loading=\"lazy\" decoding=\"async\" class=\"alignnone size-medium wp-image-89\" src=\"https:\/\/dev.infri.ch\/wp-content\/uploads\/2019\/02\/Olivier-Spang.jpg\" alt=\"\" width=\"246\" height=\"300\" \/> Seit dem 1. Dezember 2013 ist Olivier Spang der Generalsekret\u00e4r von INFRI mit einem Arbeitspensum von 90%.<\/td>\n<\/tr>\n<tr>\n<td style=\"width: 100%;\">&nbsp;<\/td>\n<\/tr>\n<\/tbody>\n<\/table>\n<p>&nbsp;<\/p>\n","protected":false},"excerpt":{"rendered":"<p>Das Generalsekretariat von INFRI f\u00fchrt folgende T\u00e4tigkeiten aus: der juristische Rat f\u00fcr die Mitglieder; insbesondere betreffend den Fragen zum Arbeitsrecht und f\u00fcr die Anwendung des GAV, die Unterst\u00fctzung der Mitglieder und die spezialisierten Kommissionen von INFRI f\u00fcr alle Fragen zu den Institiutionen, die Vertretung innerhalb der Kommissionen des Staates, die Verwaltung der Beziehungen mit den [&hellip;]<\/p>\n","protected":false},"author":1,"featured_media":0,"parent":1875,"menu_order":0,"comment_status":"closed","ping_status":"closed","template":"","meta":{"_acf_changed":false,"inline_featured_image":false,"_monsterinsights_skip_tracking":false,"_monsterinsights_sitenote_active":false,"_monsterinsights_sitenote_note":"","_monsterinsights_sitenote_category":0,"footnotes":""},"class_list":["post-137","page","type-page","status-publish","hentry"],"acf":[],"yoast_head":"<!-- This site is optimized with the Yoast SEO plugin v26.8 - https:\/\/yoast.com\/product\/yoast-seo-wordpress\/ -->\n<title>Generalsekretariat &#8211; infri<\/title>\n<meta name=\"robots\" content=\"index, follow, max-snippet:-1, max-image-preview:large, max-video-preview:-1\" \/>\n<link rel=\"canonical\" href=\"https:\/\/dev.infri.ch\/de\/verband\/generalsekretariat\/\" \/>\n<meta property=\"og:locale\" content=\"de_DE\" \/>\n<meta property=\"og:type\" content=\"article\" \/>\n<meta property=\"og:title\" content=\"Generalsekretariat &#8211; infri\" \/>\n<meta property=\"og:description\" content=\"Das Generalsekretariat von INFRI f\u00fchrt folgende T\u00e4tigkeiten aus: der juristische Rat f\u00fcr die Mitglieder; insbesondere betreffend den Fragen zum Arbeitsrecht und f\u00fcr die Anwendung des GAV, die Unterst\u00fctzung der Mitglieder und die spezialisierten Kommissionen von INFRI f\u00fcr alle Fragen zu den Institiutionen, die Vertretung innerhalb der Kommissionen des Staates, die Verwaltung der Beziehungen mit den [&hellip;]\" \/>\n<meta property=\"og:url\" content=\"https:\/\/dev.infri.ch\/de\/verband\/generalsekretariat\/\" \/>\n<meta property=\"og:site_name\" content=\"infri\" \/>\n<meta property=\"article:modified_time\" content=\"2024-07-11T13:27:55+00:00\" \/>\n<meta property=\"og:image\" content=\"https:\/\/dev.infri.ch\/wp-content\/uploads\/2019\/02\/Olivier-Spang.jpg\" \/>\n<meta name=\"twitter:card\" content=\"summary_large_image\" \/>\n<meta name=\"twitter:label1\" content=\"Gesch\u00e4tzte Lesezeit\" \/>\n\t<meta name=\"twitter:data1\" content=\"1\u00a0Minute\" \/>\n<script type=\"application\/ld+json\" class=\"yoast-schema-graph\">{\"@context\":\"https:\/\/schema.org\",\"@graph\":[{\"@type\":\"WebPage\",\"@id\":\"https:\/\/dev.infri.ch\/de\/verband\/generalsekretariat\/\",\"url\":\"https:\/\/dev.infri.ch\/de\/verband\/generalsekretariat\/\",\"name\":\"Generalsekretariat &#8211; infri\",\"isPartOf\":{\"@id\":\"https:\/\/dev.infri.ch\/de\/#website\"},\"primaryImageOfPage\":{\"@id\":\"https:\/\/dev.infri.ch\/de\/verband\/generalsekretariat\/#primaryimage\"},\"image\":{\"@id\":\"https:\/\/dev.infri.ch\/de\/verband\/generalsekretariat\/#primaryimage\"},\"thumbnailUrl\":\"https:\/\/dev.infri.ch\/wp-content\/uploads\/2019\/02\/Olivier-Spang.jpg\",\"datePublished\":\"2018-11-16T12:11:24+00:00\",\"dateModified\":\"2024-07-11T13:27:55+00:00\",\"breadcrumb\":{\"@id\":\"https:\/\/dev.infri.ch\/de\/verband\/generalsekretariat\/#breadcrumb\"},\"inLanguage\":\"de\",\"potentialAction\":[{\"@type\":\"ReadAction\",\"target\":[\"https:\/\/dev.infri.ch\/de\/verband\/generalsekretariat\/\"]}]},{\"@type\":\"ImageObject\",\"inLanguage\":\"de\",\"@id\":\"https:\/\/dev.infri.ch\/de\/verband\/generalsekretariat\/#primaryimage\",\"url\":\"https:\/\/dev.infri.ch\/wp-content\/uploads\/2019\/02\/Olivier-Spang.jpg\",\"contentUrl\":\"https:\/\/dev.infri.ch\/wp-content\/uploads\/2019\/02\/Olivier-Spang.jpg\"},{\"@type\":\"BreadcrumbList\",\"@id\":\"https:\/\/dev.infri.ch\/de\/verband\/generalsekretariat\/#breadcrumb\",\"itemListElement\":[{\"@type\":\"ListItem\",\"position\":1,\"name\":\"Accueil\",\"item\":\"https:\/\/dev.infri.ch\/de\/\"},{\"@type\":\"ListItem\",\"position\":2,\"name\":\"Verband\",\"item\":\"https:\/\/dev.infri.ch\/de\/verband\/\"},{\"@type\":\"ListItem\",\"position\":3,\"name\":\"Generalsekretariat\"}]},{\"@type\":\"WebSite\",\"@id\":\"https:\/\/dev.infri.ch\/de\/#website\",\"url\":\"https:\/\/dev.infri.ch\/de\/\",\"name\":\"infri\",\"description\":\"l&#039;association repr\u00e9sentant les institutions sp\u00e9cialis\u00e9es fribourgeoises\",\"potentialAction\":[{\"@type\":\"SearchAction\",\"target\":{\"@type\":\"EntryPoint\",\"urlTemplate\":\"https:\/\/dev.infri.ch\/de\/?s={search_term_string}\"},\"query-input\":{\"@type\":\"PropertyValueSpecification\",\"valueRequired\":true,\"valueName\":\"search_term_string\"}}],\"inLanguage\":\"de\"}]}<\/script>\n<!-- \/ Yoast SEO plugin. -->","yoast_head_json":{"title":"Generalsekretariat &#8211; infri","robots":{"index":"index","follow":"follow","max-snippet":"max-snippet:-1","max-image-preview":"max-image-preview:large","max-video-preview":"max-video-preview:-1"},"canonical":"https:\/\/dev.infri.ch\/de\/verband\/generalsekretariat\/","og_locale":"de_DE","og_type":"article","og_title":"Generalsekretariat &#8211; infri","og_description":"Das Generalsekretariat von INFRI f\u00fchrt folgende T\u00e4tigkeiten aus: der juristische Rat f\u00fcr die Mitglieder; insbesondere betreffend den Fragen zum Arbeitsrecht und f\u00fcr die Anwendung des GAV, die Unterst\u00fctzung der Mitglieder und die spezialisierten Kommissionen von INFRI f\u00fcr alle Fragen zu den Institiutionen, die Vertretung innerhalb der Kommissionen des Staates, die Verwaltung der Beziehungen mit den [&hellip;]","og_url":"https:\/\/dev.infri.ch\/de\/verband\/generalsekretariat\/","og_site_name":"infri","article_modified_time":"2024-07-11T13:27:55+00:00","og_image":[{"url":"https:\/\/dev.infri.ch\/wp-content\/uploads\/2019\/02\/Olivier-Spang.jpg","type":"","width":"","height":""}],"twitter_card":"summary_large_image","twitter_misc":{"Gesch\u00e4tzte Lesezeit":"1\u00a0Minute"},"schema":{"@context":"https:\/\/schema.org","@graph":[{"@type":"WebPage","@id":"https:\/\/dev.infri.ch\/de\/verband\/generalsekretariat\/","url":"https:\/\/dev.infri.ch\/de\/verband\/generalsekretariat\/","name":"Generalsekretariat &#8211; infri","isPartOf":{"@id":"https:\/\/dev.infri.ch\/de\/#website"},"primaryImageOfPage":{"@id":"https:\/\/dev.infri.ch\/de\/verband\/generalsekretariat\/#primaryimage"},"image":{"@id":"https:\/\/dev.infri.ch\/de\/verband\/generalsekretariat\/#primaryimage"},"thumbnailUrl":"https:\/\/dev.infri.ch\/wp-content\/uploads\/2019\/02\/Olivier-Spang.jpg","datePublished":"2018-11-16T12:11:24+00:00","dateModified":"2024-07-11T13:27:55+00:00","breadcrumb":{"@id":"https:\/\/dev.infri.ch\/de\/verband\/generalsekretariat\/#breadcrumb"},"inLanguage":"de","potentialAction":[{"@type":"ReadAction","target":["https:\/\/dev.infri.ch\/de\/verband\/generalsekretariat\/"]}]},{"@type":"ImageObject","inLanguage":"de","@id":"https:\/\/dev.infri.ch\/de\/verband\/generalsekretariat\/#primaryimage","url":"https:\/\/dev.infri.ch\/wp-content\/uploads\/2019\/02\/Olivier-Spang.jpg","contentUrl":"https:\/\/dev.infri.ch\/wp-content\/uploads\/2019\/02\/Olivier-Spang.jpg"},{"@type":"BreadcrumbList","@id":"https:\/\/dev.infri.ch\/de\/verband\/generalsekretariat\/#breadcrumb","itemListElement":[{"@type":"ListItem","position":1,"name":"Accueil","item":"https:\/\/dev.infri.ch\/de\/"},{"@type":"ListItem","position":2,"name":"Verband","item":"https:\/\/dev.infri.ch\/de\/verband\/"},{"@type":"ListItem","position":3,"name":"Generalsekretariat"}]},{"@type":"WebSite","@id":"https:\/\/dev.infri.ch\/de\/#website","url":"https:\/\/dev.infri.ch\/de\/","name":"infri","description":"l&#039;association repr\u00e9sentant les institutions sp\u00e9cialis\u00e9es fribourgeoises","potentialAction":[{"@type":"SearchAction","target":{"@type":"EntryPoint","urlTemplate":"https:\/\/dev.infri.ch\/de\/?s={search_term_string}"},"query-input":{"@type":"PropertyValueSpecification","valueRequired":true,"valueName":"search_term_string"}}],"inLanguage":"de"}]}},"_links":{"self":[{"href":"https:\/\/dev.infri.ch\/de\/wp-json\/wp\/v2\/pages\/137","targetHints":{"allow":["GET"]}}],"collection":[{"href":"https:\/\/dev.infri.ch\/de\/wp-json\/wp\/v2\/pages"}],"about":[{"href":"https:\/\/dev.infri.ch\/de\/wp-json\/wp\/v2\/types\/page"}],"author":[{"embeddable":true,"href":"https:\/\/dev.infri.ch\/de\/wp-json\/wp\/v2\/users\/1"}],"replies":[{"embeddable":true,"href":"https:\/\/dev.infri.ch\/de\/wp-json\/wp\/v2\/comments?post=137"}],"version-history":[{"count":2,"href":"https:\/\/dev.infri.ch\/de\/wp-json\/wp\/v2\/pages\/137\/revisions"}],"predecessor-version":[{"id":12330,"href":"https:\/\/dev.infri.ch\/de\/wp-json\/wp\/v2\/pages\/137\/revisions\/12330"}],"up":[{"embeddable":true,"href":"https:\/\/dev.infri.ch\/de\/wp-json\/wp\/v2\/pages\/1875"}],"wp:attachment":[{"href":"https:\/\/dev.infri.ch\/de\/wp-json\/wp\/v2\/media?parent=137"}],"curies":[{"name":"wp","href":"https:\/\/api.w.org\/{rel}","templated":true}]}}

<p>Das Generalsekretariat von INFRI führt folgende Tätigkeiten aus:</p>
<ul>
<li>der juristische Rat für die Mitglieder; insbesondere betreffend den Fragen zum Arbeitsrecht und für die Anwendung des GAV,</li>
<li>die Unterstützung der Mitglieder und die spezialisierten Kommissionen von INFRI für alle Fragen zu den Institiutionen,</li>
<li>die Vertretung innerhalb der Kommissionen des Staates,</li>
<li>die Verwaltung der Beziehungen mit den verschiedenen Partnern von INFRI,</li>
<li>die Koordination der Aktivitäten der Mitglieder und die Vorbereitung der zu bearbeiteten Dossiers von INFRI,</li>
<li>die interne und externe Kommunikation der Vereinigung.</li>
</ul>
<table style="border-collapse: collapse; width: 100%;">
<tbody>
<tr>
<td style="width: 100%;"><img loading="lazy" decoding="async" class="alignnone size-medium wp-image-89" src="https://dev.infri.ch/wp-content/uploads/2019/02/Olivier-Spang.jpg" alt="" width="246" height="300" /> Seit dem 1. Dezember 2013 ist Olivier Spang der Generalsekretär von INFRI mit einem Arbeitspensum von 90%.</td>
</tr>
<tr>
<td style="width: 100%;">&nbsp;</td>
</tr>
</tbody>
</table>
<p>&nbsp;</p>

<p>Das Generalsekretariat von INFRI führt folgende Tätigkeiten aus: der juristische Rat für die Mitglieder; insbesondere betreffend den Fragen zum Arbeitsrecht und für die Anwendung des GAV, die Unterstützung der Mitglieder und die spezialisierten Kommissionen von INFRI für alle Fragen zu den Institiutionen, die Vertretung innerhalb der Kommissionen des Staates, die Verwaltung der Beziehungen mit den [&hellip;]</p>

<!-- This site is optimized with the Yoast SEO plugin v26.8 - https://yoast.com/product/yoast-seo-wordpress/ -->
<title>Generalsekretariat &#8211; infri</title>
<meta name="robots" content="index, follow, max-snippet:-1, max-image-preview:large, max-video-preview:-1" />
<link rel="canonical" href="https://dev.infri.ch/de/verband/generalsekretariat/" />
<meta property="og:locale" content="de_DE" />
<meta property="og:type" content="article" />
<meta property="og:title" content="Generalsekretariat &#8211; infri" />
<meta property="og:description" content="Das Generalsekretariat von INFRI führt folgende Tätigkeiten aus: der juristische Rat für die Mitglieder; insbesondere betreffend den Fragen zum Arbeitsrecht und für die Anwendung des GAV, die Unterstützung der Mitglieder und die spezialisierten Kommissionen von INFRI für alle Fragen zu den Institiutionen, die Vertretung innerhalb der Kommissionen des Staates, die Verwaltung der Beziehungen mit den [&hellip;]" />
<meta property="og:url" content="https://dev.infri.ch/de/verband/generalsekretariat/" />
<meta property="og:site_name" content="infri" />
<meta property="article:modified_time" content="2024-07-11T13:27:55+00:00" />
<meta property="og:image" content="https://dev.infri.ch/wp-content/uploads/2019/02/Olivier-Spang.jpg" />
<meta name="twitter:card" content="summary_large_image" />
<meta name="twitter:label1" content="Geschätzte Lesezeit" />
	<meta name="twitter:data1" content="1 Minute" />
<script type="application/ld+json" class="yoast-schema-graph">{"@context":"https://schema.org","@graph":[{"@type":"WebPage","@id":"https://dev.infri.ch/de/verband/generalsekretariat/","url":"https://dev.infri.ch/de/verband/generalsekretariat/","name":"Generalsekretariat &#8211; infri","isPartOf":{"@id":"https://dev.infri.ch/de/#website"},"primaryImageOfPage":{"@id":"https://dev.infri.ch/de/verband/generalsekretariat/#primaryimage"},"image":{"@id":"https://dev.infri.ch/de/verband/generalsekretariat/#primaryimage"},"thumbnailUrl":"https://dev.infri.ch/wp-content/uploads/2019/02/Olivier-Spang.jpg","datePublished":"2018-11-16T12:11:24+00:00","dateModified":"2024-07-11T13:27:55+00:00","breadcrumb":{"@id":"https://dev.infri.ch/de/verband/generalsekretariat/#breadcrumb"},"inLanguage":"de","potentialAction":[{"@type":"ReadAction","target":["https://dev.infri.ch/de/verband/generalsekretariat/"]}]},{"@type":"ImageObject","inLanguage":"de","@id":"https://dev.infri.ch/de/verband/generalsekretariat/#primaryimage","url":"https://dev.infri.ch/wp-content/uploads/2019/02/Olivier-Spang.jpg","contentUrl":"https://dev.infri.ch/wp-content/uploads/2019/02/Olivier-Spang.jpg"},{"@type":"BreadcrumbList","@id":"https://dev.infri.ch/de/verband/generalsekretariat/#breadcrumb","itemListElement":[{"@type":"ListItem","position":1,"name":"Accueil","item":"https://dev.infri.ch/de/"},{"@type":"ListItem","position":2,"name":"Verband","item":"https://dev.infri.ch/de/verband/"},{"@type":"ListItem","position":3,"name":"Generalsekretariat"}]},{"@type":"WebSite","@id":"https://dev.infri.ch/de/#website","url":"https://dev.infri.ch/de/","name":"infri","description":"l&#039;association représentant les institutions spécialisées fribourgeoises","potentialAction":[{"@type":"SearchAction","target":{"@type":"EntryPoint","urlTemplate":"https://dev.infri.ch/de/?s={search_term_string}"},"query-input":{"@type":"PropertyValueSpecification","valueRequired":true,"valueName":"search_term_string"}}],"inLanguage":"de"}]}</script>
<!-- / Yoast SEO plugin. -->

Das Generalsekretariat von INFRI führt folgende Tätigkeiten aus: der juristische Rat für die Mitglieder; insbesondere betreffend den Fragen zum Arbeitsrecht und für die Anwendung des GAV, die Unterstützung der Mitglieder und die spezialisierten Kommissionen von INFRI für alle Fragen zu den Institiutionen, die Vertretung innerhalb der Kommissionen des Staates, die Verwaltung der Beziehungen mit den [&hellip;]

l&#039;association représentant les institutions spécialisées fribourgeoises
