{"id":1539,"date":"2019-01-29T13:07:12","date_gmt":"2019-01-29T12:07:12","guid":{"rendered":"https:\/\/dev.infri.ch\/?page_id=1539"},"modified":"2025-04-30T09:16:06","modified_gmt":"2025-04-30T07:16:06","slug":"schiedsrat","status":"publish","type":"page","link":"https:\/\/dev.infri.ch\/de\/gav\/schiedsrat\/","title":{"rendered":"Schiedsrat"},"content":{"rendered":"<p><strong>Mandat des Schiedsrates<\/strong><\/p>\n<div align=\"justify\"><strong>Der Schiedsrat wacht \u00fcber die Anwendung des GAV INFRI-VOPSI (<\/strong><strong>GAV Art. 38 und Anhang 8)\u00a0<\/strong><\/div>\n<ul>\n<li>Er hat namentlich zur Aufgabe, allf\u00e4llige Fragen zur Auslegung des GAV zu beantworten.<\/li>\n<li>Er kann den Parteien jederzeit \u00c4nderungsvorschl\u00e4ge zum GAV INFRI VOPSI unterbreiten.<\/li>\n<li>Der Schiedsrat sucht, auf Antrag einer der Parteien, bei individuellen und bei kollektiven Differenzen, bez\u00fcglich der Anwendung des GAV zu schlichten, sofern die institutionsinternen Rechtsmittel ausgesch\u00f6pft sind.<\/li>\n<li>Sitzungen werden nach Bedarf vom Pr\u00e4sidenten des Schiedsrates einberufen.<\/li>\n<\/ul>\n<div align=\"left\"><\/div>\n<div align=\"left\"><strong>Zusammensetzung des Schiedsrates<\/strong><\/div>\n<div align=\"left\"><\/div>\n<div align=\"left\"><\/div>\n","protected":false},"excerpt":{"rendered":"<p>Mandat des Schiedsrates Der Schiedsrat wacht \u00fcber die Anwendung des GAV INFRI-VOPSI (GAV Art. 38 und Anhang 8)\u00a0 Er hat namentlich zur Aufgabe, allf\u00e4llige Fragen zur Auslegung des GAV zu beantworten. Er kann den Parteien jederzeit \u00c4nderungsvorschl\u00e4ge zum GAV INFRI VOPSI unterbreiten. Der Schiedsrat sucht, auf Antrag einer der Parteien, bei individuellen und bei kollektiven [&hellip;]<\/p>\n","protected":false},"author":1,"featured_media":0,"parent":2135,"menu_order":0,"comment_status":"closed","ping_status":"closed","template":"page-commission-arbitrale.php","meta":{"_acf_changed":false,"inline_featured_image":false,"_monsterinsights_skip_tracking":false,"_monsterinsights_sitenote_active":false,"_monsterinsights_sitenote_note":"","_monsterinsights_sitenote_category":0,"footnotes":""},"class_list":["post-1539","page","type-page","status-publish","hentry"],"acf":[],"yoast_head":"<!-- This site is optimized with the Yoast SEO plugin v26.8 - https:\/\/yoast.com\/product\/yoast-seo-wordpress\/ -->\n<title>Schiedsrat &#8211; infri<\/title>\n<meta name=\"robots\" content=\"index, follow, max-snippet:-1, max-image-preview:large, max-video-preview:-1\" \/>\n<link rel=\"canonical\" href=\"https:\/\/dev.infri.ch\/de\/gav\/schiedsrat\/\" \/>\n<meta property=\"og:locale\" content=\"de_DE\" \/>\n<meta property=\"og:type\" content=\"article\" \/>\n<meta property=\"og:title\" content=\"Schiedsrat &#8211; infri\" \/>\n<meta property=\"og:description\" content=\"Mandat des Schiedsrates Der Schiedsrat wacht \u00fcber die Anwendung des GAV INFRI-VOPSI (GAV Art. 38 und Anhang 8)\u00a0 Er hat namentlich zur Aufgabe, allf\u00e4llige Fragen zur Auslegung des GAV zu beantworten. Er kann den Parteien jederzeit \u00c4nderungsvorschl\u00e4ge zum GAV INFRI VOPSI unterbreiten. Der Schiedsrat sucht, auf Antrag einer der Parteien, bei individuellen und bei kollektiven [&hellip;]\" \/>\n<meta property=\"og:url\" content=\"https:\/\/dev.infri.ch\/de\/gav\/schiedsrat\/\" \/>\n<meta property=\"og:site_name\" content=\"infri\" \/>\n<meta property=\"article:modified_time\" content=\"2025-04-30T07:16:06+00:00\" \/>\n<meta name=\"twitter:card\" content=\"summary_large_image\" \/>\n<meta name=\"twitter:label1\" content=\"Gesch\u00e4tzte Lesezeit\" \/>\n\t<meta name=\"twitter:data1\" content=\"1\u00a0Minute\" \/>\n<script type=\"application\/ld+json\" class=\"yoast-schema-graph\">{\"@context\":\"https:\/\/schema.org\",\"@graph\":[{\"@type\":\"WebPage\",\"@id\":\"https:\/\/dev.infri.ch\/de\/gav\/schiedsrat\/\",\"url\":\"https:\/\/dev.infri.ch\/de\/gav\/schiedsrat\/\",\"name\":\"Schiedsrat &#8211; infri\",\"isPartOf\":{\"@id\":\"https:\/\/dev.infri.ch\/de\/#website\"},\"datePublished\":\"2019-01-29T12:07:12+00:00\",\"dateModified\":\"2025-04-30T07:16:06+00:00\",\"breadcrumb\":{\"@id\":\"https:\/\/dev.infri.ch\/de\/gav\/schiedsrat\/#breadcrumb\"},\"inLanguage\":\"de\",\"potentialAction\":[{\"@type\":\"ReadAction\",\"target\":[\"https:\/\/dev.infri.ch\/de\/gav\/schiedsrat\/\"]}]},{\"@type\":\"BreadcrumbList\",\"@id\":\"https:\/\/dev.infri.ch\/de\/gav\/schiedsrat\/#breadcrumb\",\"itemListElement\":[{\"@type\":\"ListItem\",\"position\":1,\"name\":\"Accueil\",\"item\":\"https:\/\/dev.infri.ch\/de\/\"},{\"@type\":\"ListItem\",\"position\":2,\"name\":\"GAV\",\"item\":\"https:\/\/dev.infri.ch\/de\/gav\/\"},{\"@type\":\"ListItem\",\"position\":3,\"name\":\"Schiedsrat\"}]},{\"@type\":\"WebSite\",\"@id\":\"https:\/\/dev.infri.ch\/de\/#website\",\"url\":\"https:\/\/dev.infri.ch\/de\/\",\"name\":\"infri\",\"description\":\"l&#039;association repr\u00e9sentant les institutions sp\u00e9cialis\u00e9es fribourgeoises\",\"potentialAction\":[{\"@type\":\"SearchAction\",\"target\":{\"@type\":\"EntryPoint\",\"urlTemplate\":\"https:\/\/dev.infri.ch\/de\/?s={search_term_string}\"},\"query-input\":{\"@type\":\"PropertyValueSpecification\",\"valueRequired\":true,\"valueName\":\"search_term_string\"}}],\"inLanguage\":\"de\"}]}<\/script>\n<!-- \/ Yoast SEO plugin. -->","yoast_head_json":{"title":"Schiedsrat &#8211; infri","robots":{"index":"index","follow":"follow","max-snippet":"max-snippet:-1","max-image-preview":"max-image-preview:large","max-video-preview":"max-video-preview:-1"},"canonical":"https:\/\/dev.infri.ch\/de\/gav\/schiedsrat\/","og_locale":"de_DE","og_type":"article","og_title":"Schiedsrat &#8211; infri","og_description":"Mandat des Schiedsrates Der Schiedsrat wacht \u00fcber die Anwendung des GAV INFRI-VOPSI (GAV Art. 38 und Anhang 8)\u00a0 Er hat namentlich zur Aufgabe, allf\u00e4llige Fragen zur Auslegung des GAV zu beantworten. Er kann den Parteien jederzeit \u00c4nderungsvorschl\u00e4ge zum GAV INFRI VOPSI unterbreiten. Der Schiedsrat sucht, auf Antrag einer der Parteien, bei individuellen und bei kollektiven [&hellip;]","og_url":"https:\/\/dev.infri.ch\/de\/gav\/schiedsrat\/","og_site_name":"infri","article_modified_time":"2025-04-30T07:16:06+00:00","twitter_card":"summary_large_image","twitter_misc":{"Gesch\u00e4tzte Lesezeit":"1\u00a0Minute"},"schema":{"@context":"https:\/\/schema.org","@graph":[{"@type":"WebPage","@id":"https:\/\/dev.infri.ch\/de\/gav\/schiedsrat\/","url":"https:\/\/dev.infri.ch\/de\/gav\/schiedsrat\/","name":"Schiedsrat &#8211; infri","isPartOf":{"@id":"https:\/\/dev.infri.ch\/de\/#website"},"datePublished":"2019-01-29T12:07:12+00:00","dateModified":"2025-04-30T07:16:06+00:00","breadcrumb":{"@id":"https:\/\/dev.infri.ch\/de\/gav\/schiedsrat\/#breadcrumb"},"inLanguage":"de","potentialAction":[{"@type":"ReadAction","target":["https:\/\/dev.infri.ch\/de\/gav\/schiedsrat\/"]}]},{"@type":"BreadcrumbList","@id":"https:\/\/dev.infri.ch\/de\/gav\/schiedsrat\/#breadcrumb","itemListElement":[{"@type":"ListItem","position":1,"name":"Accueil","item":"https:\/\/dev.infri.ch\/de\/"},{"@type":"ListItem","position":2,"name":"GAV","item":"https:\/\/dev.infri.ch\/de\/gav\/"},{"@type":"ListItem","position":3,"name":"Schiedsrat"}]},{"@type":"WebSite","@id":"https:\/\/dev.infri.ch\/de\/#website","url":"https:\/\/dev.infri.ch\/de\/","name":"infri","description":"l&#039;association repr\u00e9sentant les institutions sp\u00e9cialis\u00e9es fribourgeoises","potentialAction":[{"@type":"SearchAction","target":{"@type":"EntryPoint","urlTemplate":"https:\/\/dev.infri.ch\/de\/?s={search_term_string}"},"query-input":{"@type":"PropertyValueSpecification","valueRequired":true,"valueName":"search_term_string"}}],"inLanguage":"de"}]}},"_links":{"self":[{"href":"https:\/\/dev.infri.ch\/de\/wp-json\/wp\/v2\/pages\/1539","targetHints":{"allow":["GET"]}}],"collection":[{"href":"https:\/\/dev.infri.ch\/de\/wp-json\/wp\/v2\/pages"}],"about":[{"href":"https:\/\/dev.infri.ch\/de\/wp-json\/wp\/v2\/types\/page"}],"author":[{"embeddable":true,"href":"https:\/\/dev.infri.ch\/de\/wp-json\/wp\/v2\/users\/1"}],"replies":[{"embeddable":true,"href":"https:\/\/dev.infri.ch\/de\/wp-json\/wp\/v2\/comments?post=1539"}],"version-history":[{"count":3,"href":"https:\/\/dev.infri.ch\/de\/wp-json\/wp\/v2\/pages\/1539\/revisions"}],"predecessor-version":[{"id":13780,"href":"https:\/\/dev.infri.ch\/de\/wp-json\/wp\/v2\/pages\/1539\/revisions\/13780"}],"up":[{"embeddable":true,"href":"https:\/\/dev.infri.ch\/de\/wp-json\/wp\/v2\/pages\/2135"}],"wp:attachment":[{"href":"https:\/\/dev.infri.ch\/de\/wp-json\/wp\/v2\/media?parent=1539"}],"curies":[{"name":"wp","href":"https:\/\/api.w.org\/{rel}","templated":true}]}}

<p><strong>Mandat des Schiedsrates</strong></p>
<div align="justify"><strong>Der Schiedsrat wacht über die Anwendung des GAV INFRI-VOPSI (</strong><strong>GAV Art. 38 und Anhang 8) </strong></div>
<ul>
<li>Er hat namentlich zur Aufgabe, allfällige Fragen zur Auslegung des GAV zu beantworten.</li>
<li>Er kann den Parteien jederzeit Änderungsvorschläge zum GAV INFRI VOPSI unterbreiten.</li>
<li>Der Schiedsrat sucht, auf Antrag einer der Parteien, bei individuellen und bei kollektiven Differenzen, bezüglich der Anwendung des GAV zu schlichten, sofern die institutionsinternen Rechtsmittel ausgeschöpft sind.</li>
<li>Sitzungen werden nach Bedarf vom Präsidenten des Schiedsrates einberufen.</li>
</ul>
<div align="left"></div>
<div align="left"><strong>Zusammensetzung des Schiedsrates</strong></div>
<div align="left"></div>
<div align="left"></div>

<p>Mandat des Schiedsrates Der Schiedsrat wacht über die Anwendung des GAV INFRI-VOPSI (GAV Art. 38 und Anhang 8)  Er hat namentlich zur Aufgabe, allfällige Fragen zur Auslegung des GAV zu beantworten. Er kann den Parteien jederzeit Änderungsvorschläge zum GAV INFRI VOPSI unterbreiten. Der Schiedsrat sucht, auf Antrag einer der Parteien, bei individuellen und bei kollektiven [&hellip;]</p>

<!-- This site is optimized with the Yoast SEO plugin v26.8 - https://yoast.com/product/yoast-seo-wordpress/ -->
<title>Schiedsrat &#8211; infri</title>
<meta name="robots" content="index, follow, max-snippet:-1, max-image-preview:large, max-video-preview:-1" />
<link rel="canonical" href="https://dev.infri.ch/de/gav/schiedsrat/" />
<meta property="og:locale" content="de_DE" />
<meta property="og:type" content="article" />
<meta property="og:title" content="Schiedsrat &#8211; infri" />
<meta property="og:description" content="Mandat des Schiedsrates Der Schiedsrat wacht über die Anwendung des GAV INFRI-VOPSI (GAV Art. 38 und Anhang 8)  Er hat namentlich zur Aufgabe, allfällige Fragen zur Auslegung des GAV zu beantworten. Er kann den Parteien jederzeit Änderungsvorschläge zum GAV INFRI VOPSI unterbreiten. Der Schiedsrat sucht, auf Antrag einer der Parteien, bei individuellen und bei kollektiven [&hellip;]" />
<meta property="og:url" content="https://dev.infri.ch/de/gav/schiedsrat/" />
<meta property="og:site_name" content="infri" />
<meta property="article:modified_time" content="2025-04-30T07:16:06+00:00" />
<meta name="twitter:card" content="summary_large_image" />
<meta name="twitter:label1" content="Geschätzte Lesezeit" />
	<meta name="twitter:data1" content="1 Minute" />
<script type="application/ld+json" class="yoast-schema-graph">{"@context":"https://schema.org","@graph":[{"@type":"WebPage","@id":"https://dev.infri.ch/de/gav/schiedsrat/","url":"https://dev.infri.ch/de/gav/schiedsrat/","name":"Schiedsrat &#8211; infri","isPartOf":{"@id":"https://dev.infri.ch/de/#website"},"datePublished":"2019-01-29T12:07:12+00:00","dateModified":"2025-04-30T07:16:06+00:00","breadcrumb":{"@id":"https://dev.infri.ch/de/gav/schiedsrat/#breadcrumb"},"inLanguage":"de","potentialAction":[{"@type":"ReadAction","target":["https://dev.infri.ch/de/gav/schiedsrat/"]}]},{"@type":"BreadcrumbList","@id":"https://dev.infri.ch/de/gav/schiedsrat/#breadcrumb","itemListElement":[{"@type":"ListItem","position":1,"name":"Accueil","item":"https://dev.infri.ch/de/"},{"@type":"ListItem","position":2,"name":"GAV","item":"https://dev.infri.ch/de/gav/"},{"@type":"ListItem","position":3,"name":"Schiedsrat"}]},{"@type":"WebSite","@id":"https://dev.infri.ch/de/#website","url":"https://dev.infri.ch/de/","name":"infri","description":"l&#039;association représentant les institutions spécialisées fribourgeoises","potentialAction":[{"@type":"SearchAction","target":{"@type":"EntryPoint","urlTemplate":"https://dev.infri.ch/de/?s={search_term_string}"},"query-input":{"@type":"PropertyValueSpecification","valueRequired":true,"valueName":"search_term_string"}}],"inLanguage":"de"}]}</script>
<!-- / Yoast SEO plugin. -->

Mandat des Schiedsrates Der Schiedsrat wacht über die Anwendung des GAV INFRI-VOPSI (GAV Art. 38 und Anhang 8)  Er hat namentlich zur Aufgabe, allfällige Fragen zur Auslegung des GAV zu beantworten. Er kann den Parteien jederzeit Änderungsvorschläge zum GAV INFRI VOPSI unterbreiten. Der Schiedsrat sucht, auf Antrag einer der Parteien, bei individuellen und bei kollektiven [&hellip;]

l&#039;association représentant les institutions spécialisées fribourgeoises
