{"id":2235,"date":"2018-11-16T11:52:43","date_gmt":"2018-11-16T10:52:43","guid":{"rendered":"https:\/\/dev.infri.ch\/verband\/comite\/"},"modified":"2025-08-21T16:05:10","modified_gmt":"2025-08-21T14:05:10","slug":"vorstand","status":"publish","type":"page","link":"https:\/\/dev.infri.ch\/de\/verband\/vorstand\/","title":{"rendered":"Vorstand"},"content":{"rendered":"\n<p>Zusammensetzung Vorstand INFRI:<\/p>\n\n\n\n<figure class=\"wp-block-image size-full\"><img decoding=\"async\" src=\"https:\/\/dev.infri.ch\/wp-content\/uploads\/2025\/07\/image-1.png\" alt=\"\" class=\"wp-image-14078\"\/><\/figure>\n","protected":false},"excerpt":{"rendered":"<p>Zusammensetzung Vorstand INFRI:<\/p>\n","protected":false},"author":1,"featured_media":0,"parent":1875,"menu_order":0,"comment_status":"closed","ping_status":"closed","template":"template_comite.php","meta":{"_acf_changed":false,"inline_featured_image":false,"_monsterinsights_skip_tracking":false,"_monsterinsights_sitenote_active":false,"_monsterinsights_sitenote_note":"","_monsterinsights_sitenote_category":0,"footnotes":""},"class_list":["post-2235","page","type-page","status-publish","hentry"],"acf":[],"yoast_head":"<!-- This site is optimized with the Yoast SEO plugin v26.8 - https:\/\/yoast.com\/product\/yoast-seo-wordpress\/ -->\n<title>Vorstand &#8211; infri<\/title>\n<meta name=\"robots\" content=\"index, follow, max-snippet:-1, max-image-preview:large, max-video-preview:-1\" \/>\n<link rel=\"canonical\" href=\"https:\/\/dev.infri.ch\/de\/verband\/vorstand\/\" \/>\n<meta property=\"og:locale\" content=\"de_DE\" \/>\n<meta property=\"og:type\" content=\"article\" \/>\n<meta property=\"og:title\" content=\"Vorstand &#8211; infri\" \/>\n<meta property=\"og:description\" content=\"Zusammensetzung Vorstand INFRI:\" \/>\n<meta property=\"og:url\" content=\"https:\/\/dev.infri.ch\/de\/verband\/vorstand\/\" \/>\n<meta property=\"og:site_name\" content=\"infri\" \/>\n<meta property=\"article:modified_time\" content=\"2025-08-21T14:05:10+00:00\" \/>\n<meta property=\"og:image\" content=\"https:\/\/dev.infri.ch\/wp-content\/uploads\/2025\/07\/image-1.png\" \/>\n\t<meta property=\"og:image:width\" content=\"1\" \/>\n\t<meta property=\"og:image:height\" content=\"1\" \/>\n\t<meta property=\"og:image:type\" content=\"image\/png\" \/>\n<meta name=\"twitter:card\" content=\"summary_large_image\" \/>\n<meta name=\"twitter:label1\" content=\"Gesch\u00e4tzte Lesezeit\" \/>\n\t<meta name=\"twitter:data1\" content=\"1\u00a0Minute\" \/>\n<script type=\"application\/ld+json\" class=\"yoast-schema-graph\">{\"@context\":\"https:\/\/schema.org\",\"@graph\":[{\"@type\":\"WebPage\",\"@id\":\"https:\/\/dev.infri.ch\/de\/verband\/vorstand\/\",\"url\":\"https:\/\/dev.infri.ch\/de\/verband\/vorstand\/\",\"name\":\"Vorstand &#8211; infri\",\"isPartOf\":{\"@id\":\"https:\/\/dev.infri.ch\/de\/#website\"},\"primaryImageOfPage\":{\"@id\":\"https:\/\/dev.infri.ch\/de\/verband\/vorstand\/#primaryimage\"},\"image\":{\"@id\":\"https:\/\/dev.infri.ch\/de\/verband\/vorstand\/#primaryimage\"},\"thumbnailUrl\":\"https:\/\/dev.infri.ch\/wp-content\/uploads\/2025\/07\/image-1.png\",\"datePublished\":\"2018-11-16T10:52:43+00:00\",\"dateModified\":\"2025-08-21T14:05:10+00:00\",\"breadcrumb\":{\"@id\":\"https:\/\/dev.infri.ch\/de\/verband\/vorstand\/#breadcrumb\"},\"inLanguage\":\"de\",\"potentialAction\":[{\"@type\":\"ReadAction\",\"target\":[\"https:\/\/dev.infri.ch\/de\/verband\/vorstand\/\"]}]},{\"@type\":\"ImageObject\",\"inLanguage\":\"de\",\"@id\":\"https:\/\/dev.infri.ch\/de\/verband\/vorstand\/#primaryimage\",\"url\":\"https:\/\/dev.infri.ch\/wp-content\/uploads\/2025\/07\/image-1.png\",\"contentUrl\":\"https:\/\/dev.infri.ch\/wp-content\/uploads\/2025\/07\/image-1.png\"},{\"@type\":\"BreadcrumbList\",\"@id\":\"https:\/\/dev.infri.ch\/de\/verband\/vorstand\/#breadcrumb\",\"itemListElement\":[{\"@type\":\"ListItem\",\"position\":1,\"name\":\"Accueil\",\"item\":\"https:\/\/dev.infri.ch\/de\/\"},{\"@type\":\"ListItem\",\"position\":2,\"name\":\"Verband\",\"item\":\"https:\/\/dev.infri.ch\/de\/verband\/\"},{\"@type\":\"ListItem\",\"position\":3,\"name\":\"Vorstand\"}]},{\"@type\":\"WebSite\",\"@id\":\"https:\/\/dev.infri.ch\/de\/#website\",\"url\":\"https:\/\/dev.infri.ch\/de\/\",\"name\":\"infri\",\"description\":\"l&#039;association repr\u00e9sentant les institutions sp\u00e9cialis\u00e9es fribourgeoises\",\"potentialAction\":[{\"@type\":\"SearchAction\",\"target\":{\"@type\":\"EntryPoint\",\"urlTemplate\":\"https:\/\/dev.infri.ch\/de\/?s={search_term_string}\"},\"query-input\":{\"@type\":\"PropertyValueSpecification\",\"valueRequired\":true,\"valueName\":\"search_term_string\"}}],\"inLanguage\":\"de\"}]}<\/script>\n<!-- \/ Yoast SEO plugin. -->","yoast_head_json":{"title":"Vorstand &#8211; infri","robots":{"index":"index","follow":"follow","max-snippet":"max-snippet:-1","max-image-preview":"max-image-preview:large","max-video-preview":"max-video-preview:-1"},"canonical":"https:\/\/dev.infri.ch\/de\/verband\/vorstand\/","og_locale":"de_DE","og_type":"article","og_title":"Vorstand &#8211; infri","og_description":"Zusammensetzung Vorstand INFRI:","og_url":"https:\/\/dev.infri.ch\/de\/verband\/vorstand\/","og_site_name":"infri","article_modified_time":"2025-08-21T14:05:10+00:00","og_image":[{"url":"https:\/\/dev.infri.ch\/wp-content\/uploads\/2025\/07\/image-1.png","width":1,"height":1,"type":"image\/png"}],"twitter_card":"summary_large_image","twitter_misc":{"Gesch\u00e4tzte Lesezeit":"1\u00a0Minute"},"schema":{"@context":"https:\/\/schema.org","@graph":[{"@type":"WebPage","@id":"https:\/\/dev.infri.ch\/de\/verband\/vorstand\/","url":"https:\/\/dev.infri.ch\/de\/verband\/vorstand\/","name":"Vorstand &#8211; infri","isPartOf":{"@id":"https:\/\/dev.infri.ch\/de\/#website"},"primaryImageOfPage":{"@id":"https:\/\/dev.infri.ch\/de\/verband\/vorstand\/#primaryimage"},"image":{"@id":"https:\/\/dev.infri.ch\/de\/verband\/vorstand\/#primaryimage"},"thumbnailUrl":"https:\/\/dev.infri.ch\/wp-content\/uploads\/2025\/07\/image-1.png","datePublished":"2018-11-16T10:52:43+00:00","dateModified":"2025-08-21T14:05:10+00:00","breadcrumb":{"@id":"https:\/\/dev.infri.ch\/de\/verband\/vorstand\/#breadcrumb"},"inLanguage":"de","potentialAction":[{"@type":"ReadAction","target":["https:\/\/dev.infri.ch\/de\/verband\/vorstand\/"]}]},{"@type":"ImageObject","inLanguage":"de","@id":"https:\/\/dev.infri.ch\/de\/verband\/vorstand\/#primaryimage","url":"https:\/\/dev.infri.ch\/wp-content\/uploads\/2025\/07\/image-1.png","contentUrl":"https:\/\/dev.infri.ch\/wp-content\/uploads\/2025\/07\/image-1.png"},{"@type":"BreadcrumbList","@id":"https:\/\/dev.infri.ch\/de\/verband\/vorstand\/#breadcrumb","itemListElement":[{"@type":"ListItem","position":1,"name":"Accueil","item":"https:\/\/dev.infri.ch\/de\/"},{"@type":"ListItem","position":2,"name":"Verband","item":"https:\/\/dev.infri.ch\/de\/verband\/"},{"@type":"ListItem","position":3,"name":"Vorstand"}]},{"@type":"WebSite","@id":"https:\/\/dev.infri.ch\/de\/#website","url":"https:\/\/dev.infri.ch\/de\/","name":"infri","description":"l&#039;association repr\u00e9sentant les institutions sp\u00e9cialis\u00e9es fribourgeoises","potentialAction":[{"@type":"SearchAction","target":{"@type":"EntryPoint","urlTemplate":"https:\/\/dev.infri.ch\/de\/?s={search_term_string}"},"query-input":{"@type":"PropertyValueSpecification","valueRequired":true,"valueName":"search_term_string"}}],"inLanguage":"de"}]}},"_links":{"self":[{"href":"https:\/\/dev.infri.ch\/de\/wp-json\/wp\/v2\/pages\/2235","targetHints":{"allow":["GET"]}}],"collection":[{"href":"https:\/\/dev.infri.ch\/de\/wp-json\/wp\/v2\/pages"}],"about":[{"href":"https:\/\/dev.infri.ch\/de\/wp-json\/wp\/v2\/types\/page"}],"author":[{"embeddable":true,"href":"https:\/\/dev.infri.ch\/de\/wp-json\/wp\/v2\/users\/1"}],"replies":[{"embeddable":true,"href":"https:\/\/dev.infri.ch\/de\/wp-json\/wp\/v2\/comments?post=2235"}],"version-history":[{"count":2,"href":"https:\/\/dev.infri.ch\/de\/wp-json\/wp\/v2\/pages\/2235\/revisions"}],"predecessor-version":[{"id":14137,"href":"https:\/\/dev.infri.ch\/de\/wp-json\/wp\/v2\/pages\/2235\/revisions\/14137"}],"up":[{"embeddable":true,"href":"https:\/\/dev.infri.ch\/de\/wp-json\/wp\/v2\/pages\/1875"}],"wp:attachment":[{"href":"https:\/\/dev.infri.ch\/de\/wp-json\/wp\/v2\/media?parent=2235"}],"curies":[{"name":"wp","href":"https:\/\/api.w.org\/{rel}","templated":true}]}}

<!-- This site is optimized with the Yoast SEO plugin v26.8 - https://yoast.com/product/yoast-seo-wordpress/ -->
<title>Vorstand &#8211; infri</title>
<meta name="robots" content="index, follow, max-snippet:-1, max-image-preview:large, max-video-preview:-1" />
<link rel="canonical" href="https://dev.infri.ch/de/verband/vorstand/" />
<meta property="og:locale" content="de_DE" />
<meta property="og:type" content="article" />
<meta property="og:title" content="Vorstand &#8211; infri" />
<meta property="og:description" content="Zusammensetzung Vorstand INFRI:" />
<meta property="og:url" content="https://dev.infri.ch/de/verband/vorstand/" />
<meta property="og:site_name" content="infri" />
<meta property="article:modified_time" content="2025-08-21T14:05:10+00:00" />
<meta property="og:image" content="https://dev.infri.ch/wp-content/uploads/2025/07/image-1.png" />
	<meta property="og:image:width" content="1" />
	<meta property="og:image:height" content="1" />
	<meta property="og:image:type" content="image/png" />
<meta name="twitter:card" content="summary_large_image" />
<meta name="twitter:label1" content="Geschätzte Lesezeit" />
	<meta name="twitter:data1" content="1 Minute" />
<script type="application/ld+json" class="yoast-schema-graph">{"@context":"https://schema.org","@graph":[{"@type":"WebPage","@id":"https://dev.infri.ch/de/verband/vorstand/","url":"https://dev.infri.ch/de/verband/vorstand/","name":"Vorstand &#8211; infri","isPartOf":{"@id":"https://dev.infri.ch/de/#website"},"primaryImageOfPage":{"@id":"https://dev.infri.ch/de/verband/vorstand/#primaryimage"},"image":{"@id":"https://dev.infri.ch/de/verband/vorstand/#primaryimage"},"thumbnailUrl":"https://dev.infri.ch/wp-content/uploads/2025/07/image-1.png","datePublished":"2018-11-16T10:52:43+00:00","dateModified":"2025-08-21T14:05:10+00:00","breadcrumb":{"@id":"https://dev.infri.ch/de/verband/vorstand/#breadcrumb"},"inLanguage":"de","potentialAction":[{"@type":"ReadAction","target":["https://dev.infri.ch/de/verband/vorstand/"]}]},{"@type":"ImageObject","inLanguage":"de","@id":"https://dev.infri.ch/de/verband/vorstand/#primaryimage","url":"https://dev.infri.ch/wp-content/uploads/2025/07/image-1.png","contentUrl":"https://dev.infri.ch/wp-content/uploads/2025/07/image-1.png"},{"@type":"BreadcrumbList","@id":"https://dev.infri.ch/de/verband/vorstand/#breadcrumb","itemListElement":[{"@type":"ListItem","position":1,"name":"Accueil","item":"https://dev.infri.ch/de/"},{"@type":"ListItem","position":2,"name":"Verband","item":"https://dev.infri.ch/de/verband/"},{"@type":"ListItem","position":3,"name":"Vorstand"}]},{"@type":"WebSite","@id":"https://dev.infri.ch/de/#website","url":"https://dev.infri.ch/de/","name":"infri","description":"l&#039;association représentant les institutions spécialisées fribourgeoises","potentialAction":[{"@type":"SearchAction","target":{"@type":"EntryPoint","urlTemplate":"https://dev.infri.ch/de/?s={search_term_string}"},"query-input":{"@type":"PropertyValueSpecification","valueRequired":true,"valueName":"search_term_string"}}],"inLanguage":"de"}]}</script>
<!-- / Yoast SEO plugin. -->

l&#039;association représentant les institutions spécialisées fribourgeoises
