{"id":7584,"date":"2022-02-11T20:03:09","date_gmt":"2022-02-11T19:03:09","guid":{"rendered":"https:\/\/dev.infri.ch\/infriguide\/"},"modified":"2022-06-13T09:51:52","modified_gmt":"2022-06-13T07:51:52","slug":"infriguide","status":"publish","type":"page","link":"https:\/\/dev.infri.ch\/de\/infriguide\/","title":{"rendered":"infri&#8217;guide"},"content":{"rendered":"\r\n<p><span style=\"font-size: 18pt;\"><strong><img loading=\"lazy\" decoding=\"async\" class=\" wp-image-7071 alignright\" src=\"https:\/\/dev.infri.ch\/wp-content\/uploads\/2022\/02\/Bildschirmfoto-2022-02-11-um-20.31.10.png\" alt=\"\" width=\"288\" height=\"162\" srcset=\"https:\/\/dev.infri.ch\/wp-content\/uploads\/2022\/02\/Bildschirmfoto-2022-02-11-um-20.31.10.png 316w, https:\/\/dev.infri.ch\/wp-content\/uploads\/2022\/02\/Bildschirmfoto-2022-02-11-um-20.31.10-300x169.png 300w\" sizes=\"auto, (max-width: 288px) 100vw, 288px\" \/><\/strong><\/span><\/p>\r\n<p><span style=\"font-size: 14pt;\">Ein innovatives Tool zur Information \u00fcber die Leistungen f\u00fcr Erwachsene\u00a0<\/span><\/p>\r\n<p>Im Februar 2022 wurde eine neue Webseite online gesteltt, die die Suche nach Informatinen zu den Leistungen der\u00a0spezialisierten Institutionen f\u00fcr Erwachsene im Kanton Freiburg erm\u00f6glicht.<\/p>\r\n<p style=\"text-align: left;\"><br \/><span style=\"color: #000000; font-size: 24pt;\"><strong><a style=\"color: #000000;\" href=\"https:\/\/www.infri-guide.ch\/fr\" target=\"_blank\" rel=\"noopener\">www.infri-guide.ch<\/a><\/strong><\/span><\/p>\r\n<p style=\"text-align: left;\"><span style=\"font-size: 18pt;\"><a href=\"https:\/\/dev.infri.ch\/wp-content\/uploads\/2022\/04\/infri-guide-communique-de.pages.pdf\" target=\"_blank\" rel=\"noopener\"><img loading=\"lazy\" decoding=\"async\" class=\"wp-image-7588 size-medium alignleft\" src=\"https:\/\/dev.infri.ch\/wp-content\/uploads\/2022\/04\/Capture-decran-2022-04-19-a-11.27.18-218x300.png\" alt=\"\" width=\"218\" height=\"300\" srcset=\"https:\/\/dev.infri.ch\/wp-content\/uploads\/2022\/04\/Capture-decran-2022-04-19-a-11.27.18-218x300.png 218w, https:\/\/dev.infri.ch\/wp-content\/uploads\/2022\/04\/Capture-decran-2022-04-19-a-11.27.18.png 658w\" sizes=\"auto, (max-width: 218px) 100vw, 218px\" \/><\/a><br \/><br \/><\/span><\/p>\r\n<p style=\"text-align: left;\"><span style=\"font-size: 18pt;\"><a href=\"https:\/\/www.unifr.ch\/alma-georges\/articles\/2022\/du-projet-estudiantin-a-la-plate-forme-innovante\" target=\"_blank\" rel=\"noopener\">Publikation Artikel infri-guide im Alma&amp;Georges (das Online-Magazin der Universit\u00e4t Freiburg) &#8211; 23.03.2022<\/a><\/span><\/p>\r\n","protected":false},"excerpt":{"rendered":"<p>Ein innovatives Tool zur Information \u00fcber die Leistungen f\u00fcr Erwachsene\u00a0 Im Februar 2022 wurde eine neue Webseite online gesteltt, die die Suche nach Informatinen zu den Leistungen der\u00a0spezialisierten Institutionen f\u00fcr Erwachsene im Kanton Freiburg erm\u00f6glicht. www.infri-guide.ch Publikation Artikel infri-guide im Alma&amp;Georges (das Online-Magazin der Universit\u00e4t Freiburg) &#8211; 23.03.2022<\/p>\n","protected":false},"author":2,"featured_media":0,"parent":0,"menu_order":0,"comment_status":"closed","ping_status":"closed","template":"","meta":{"_acf_changed":false,"inline_featured_image":false,"_monsterinsights_skip_tracking":false,"_monsterinsights_sitenote_active":false,"_monsterinsights_sitenote_note":"","_monsterinsights_sitenote_category":0,"footnotes":""},"class_list":["post-7584","page","type-page","status-publish","hentry"],"acf":[],"yoast_head":"<!-- This site is optimized with the Yoast SEO plugin v26.8 - https:\/\/yoast.com\/product\/yoast-seo-wordpress\/ -->\n<title>infri&#039;guide &#8211; infri<\/title>\n<meta name=\"robots\" content=\"index, follow, max-snippet:-1, max-image-preview:large, max-video-preview:-1\" \/>\n<link rel=\"canonical\" href=\"https:\/\/dev.infri.ch\/de\/infriguide\/\" \/>\n<meta property=\"og:locale\" content=\"de_DE\" \/>\n<meta property=\"og:type\" content=\"article\" \/>\n<meta property=\"og:title\" content=\"infri&#039;guide &#8211; infri\" \/>\n<meta property=\"og:description\" content=\"Ein innovatives Tool zur Information \u00fcber die Leistungen f\u00fcr Erwachsene\u00a0 Im Februar 2022 wurde eine neue Webseite online gesteltt, die die Suche nach Informatinen zu den Leistungen der\u00a0spezialisierten Institutionen f\u00fcr Erwachsene im Kanton Freiburg erm\u00f6glicht. www.infri-guide.ch Publikation Artikel infri-guide im Alma&amp;Georges (das Online-Magazin der Universit\u00e4t Freiburg) &#8211; 23.03.2022\" \/>\n<meta property=\"og:url\" content=\"https:\/\/dev.infri.ch\/de\/infriguide\/\" \/>\n<meta property=\"og:site_name\" content=\"infri\" \/>\n<meta property=\"article:modified_time\" content=\"2022-06-13T07:51:52+00:00\" \/>\n<meta property=\"og:image\" content=\"https:\/\/dev.infri.ch\/wp-content\/uploads\/2022\/02\/Bildschirmfoto-2022-02-11-um-20.31.10.png\" \/>\n<meta name=\"twitter:card\" content=\"summary_large_image\" \/>\n<meta name=\"twitter:label1\" content=\"Gesch\u00e4tzte Lesezeit\" \/>\n\t<meta name=\"twitter:data1\" content=\"1\u00a0Minute\" \/>\n<script type=\"application\/ld+json\" class=\"yoast-schema-graph\">{\"@context\":\"https:\/\/schema.org\",\"@graph\":[{\"@type\":\"WebPage\",\"@id\":\"https:\/\/dev.infri.ch\/de\/infriguide\/\",\"url\":\"https:\/\/dev.infri.ch\/de\/infriguide\/\",\"name\":\"infri'guide &#8211; infri\",\"isPartOf\":{\"@id\":\"https:\/\/dev.infri.ch\/de\/#website\"},\"primaryImageOfPage\":{\"@id\":\"https:\/\/dev.infri.ch\/de\/infriguide\/#primaryimage\"},\"image\":{\"@id\":\"https:\/\/dev.infri.ch\/de\/infriguide\/#primaryimage\"},\"thumbnailUrl\":\"https:\/\/dev.infri.ch\/wp-content\/uploads\/2022\/02\/Bildschirmfoto-2022-02-11-um-20.31.10.png\",\"datePublished\":\"2022-02-11T19:03:09+00:00\",\"dateModified\":\"2022-06-13T07:51:52+00:00\",\"breadcrumb\":{\"@id\":\"https:\/\/dev.infri.ch\/de\/infriguide\/#breadcrumb\"},\"inLanguage\":\"de\",\"potentialAction\":[{\"@type\":\"ReadAction\",\"target\":[\"https:\/\/dev.infri.ch\/de\/infriguide\/\"]}]},{\"@type\":\"ImageObject\",\"inLanguage\":\"de\",\"@id\":\"https:\/\/dev.infri.ch\/de\/infriguide\/#primaryimage\",\"url\":\"https:\/\/dev.infri.ch\/wp-content\/uploads\/2022\/02\/Bildschirmfoto-2022-02-11-um-20.31.10.png\",\"contentUrl\":\"https:\/\/dev.infri.ch\/wp-content\/uploads\/2022\/02\/Bildschirmfoto-2022-02-11-um-20.31.10.png\"},{\"@type\":\"BreadcrumbList\",\"@id\":\"https:\/\/dev.infri.ch\/de\/infriguide\/#breadcrumb\",\"itemListElement\":[{\"@type\":\"ListItem\",\"position\":1,\"name\":\"Accueil\",\"item\":\"https:\/\/dev.infri.ch\/de\/\"},{\"@type\":\"ListItem\",\"position\":2,\"name\":\"infri&rsquo;guide\"}]},{\"@type\":\"WebSite\",\"@id\":\"https:\/\/dev.infri.ch\/de\/#website\",\"url\":\"https:\/\/dev.infri.ch\/de\/\",\"name\":\"infri\",\"description\":\"l&#039;association repr\u00e9sentant les institutions sp\u00e9cialis\u00e9es fribourgeoises\",\"potentialAction\":[{\"@type\":\"SearchAction\",\"target\":{\"@type\":\"EntryPoint\",\"urlTemplate\":\"https:\/\/dev.infri.ch\/de\/?s={search_term_string}\"},\"query-input\":{\"@type\":\"PropertyValueSpecification\",\"valueRequired\":true,\"valueName\":\"search_term_string\"}}],\"inLanguage\":\"de\"}]}<\/script>\n<!-- \/ Yoast SEO plugin. -->","yoast_head_json":{"title":"infri'guide &#8211; infri","robots":{"index":"index","follow":"follow","max-snippet":"max-snippet:-1","max-image-preview":"max-image-preview:large","max-video-preview":"max-video-preview:-1"},"canonical":"https:\/\/dev.infri.ch\/de\/infriguide\/","og_locale":"de_DE","og_type":"article","og_title":"infri'guide &#8211; infri","og_description":"Ein innovatives Tool zur Information \u00fcber die Leistungen f\u00fcr Erwachsene\u00a0 Im Februar 2022 wurde eine neue Webseite online gesteltt, die die Suche nach Informatinen zu den Leistungen der\u00a0spezialisierten Institutionen f\u00fcr Erwachsene im Kanton Freiburg erm\u00f6glicht. www.infri-guide.ch Publikation Artikel infri-guide im Alma&amp;Georges (das Online-Magazin der Universit\u00e4t Freiburg) &#8211; 23.03.2022","og_url":"https:\/\/dev.infri.ch\/de\/infriguide\/","og_site_name":"infri","article_modified_time":"2022-06-13T07:51:52+00:00","og_image":[{"url":"https:\/\/dev.infri.ch\/wp-content\/uploads\/2022\/02\/Bildschirmfoto-2022-02-11-um-20.31.10.png","type":"","width":"","height":""}],"twitter_card":"summary_large_image","twitter_misc":{"Gesch\u00e4tzte Lesezeit":"1\u00a0Minute"},"schema":{"@context":"https:\/\/schema.org","@graph":[{"@type":"WebPage","@id":"https:\/\/dev.infri.ch\/de\/infriguide\/","url":"https:\/\/dev.infri.ch\/de\/infriguide\/","name":"infri'guide &#8211; infri","isPartOf":{"@id":"https:\/\/dev.infri.ch\/de\/#website"},"primaryImageOfPage":{"@id":"https:\/\/dev.infri.ch\/de\/infriguide\/#primaryimage"},"image":{"@id":"https:\/\/dev.infri.ch\/de\/infriguide\/#primaryimage"},"thumbnailUrl":"https:\/\/dev.infri.ch\/wp-content\/uploads\/2022\/02\/Bildschirmfoto-2022-02-11-um-20.31.10.png","datePublished":"2022-02-11T19:03:09+00:00","dateModified":"2022-06-13T07:51:52+00:00","breadcrumb":{"@id":"https:\/\/dev.infri.ch\/de\/infriguide\/#breadcrumb"},"inLanguage":"de","potentialAction":[{"@type":"ReadAction","target":["https:\/\/dev.infri.ch\/de\/infriguide\/"]}]},{"@type":"ImageObject","inLanguage":"de","@id":"https:\/\/dev.infri.ch\/de\/infriguide\/#primaryimage","url":"https:\/\/dev.infri.ch\/wp-content\/uploads\/2022\/02\/Bildschirmfoto-2022-02-11-um-20.31.10.png","contentUrl":"https:\/\/dev.infri.ch\/wp-content\/uploads\/2022\/02\/Bildschirmfoto-2022-02-11-um-20.31.10.png"},{"@type":"BreadcrumbList","@id":"https:\/\/dev.infri.ch\/de\/infriguide\/#breadcrumb","itemListElement":[{"@type":"ListItem","position":1,"name":"Accueil","item":"https:\/\/dev.infri.ch\/de\/"},{"@type":"ListItem","position":2,"name":"infri&rsquo;guide"}]},{"@type":"WebSite","@id":"https:\/\/dev.infri.ch\/de\/#website","url":"https:\/\/dev.infri.ch\/de\/","name":"infri","description":"l&#039;association repr\u00e9sentant les institutions sp\u00e9cialis\u00e9es fribourgeoises","potentialAction":[{"@type":"SearchAction","target":{"@type":"EntryPoint","urlTemplate":"https:\/\/dev.infri.ch\/de\/?s={search_term_string}"},"query-input":{"@type":"PropertyValueSpecification","valueRequired":true,"valueName":"search_term_string"}}],"inLanguage":"de"}]}},"_links":{"self":[{"href":"https:\/\/dev.infri.ch\/de\/wp-json\/wp\/v2\/pages\/7584","targetHints":{"allow":["GET"]}}],"collection":[{"href":"https:\/\/dev.infri.ch\/de\/wp-json\/wp\/v2\/pages"}],"about":[{"href":"https:\/\/dev.infri.ch\/de\/wp-json\/wp\/v2\/types\/page"}],"author":[{"embeddable":true,"href":"https:\/\/dev.infri.ch\/de\/wp-json\/wp\/v2\/users\/2"}],"replies":[{"embeddable":true,"href":"https:\/\/dev.infri.ch\/de\/wp-json\/wp\/v2\/comments?post=7584"}],"version-history":[{"count":0,"href":"https:\/\/dev.infri.ch\/de\/wp-json\/wp\/v2\/pages\/7584\/revisions"}],"wp:attachment":[{"href":"https:\/\/dev.infri.ch\/de\/wp-json\/wp\/v2\/media?parent=7584"}],"curies":[{"name":"wp","href":"https:\/\/api.w.org\/{rel}","templated":true}]}}

<p><span style="font-size: 18pt;"><strong><img loading="lazy" decoding="async" class=" wp-image-7071 alignright" src="https://dev.infri.ch/wp-content/uploads/2022/02/Bildschirmfoto-2022-02-11-um-20.31.10.png" alt="" width="288" height="162" srcset="https://dev.infri.ch/wp-content/uploads/2022/02/Bildschirmfoto-2022-02-11-um-20.31.10.png 316w, https://dev.infri.ch/wp-content/uploads/2022/02/Bildschirmfoto-2022-02-11-um-20.31.10-300x169.png 300w" sizes="auto, (max-width: 288px) 100vw, 288px" /></strong></span></p>
<p><span style="font-size: 14pt;">Ein innovatives Tool zur Information über die Leistungen für Erwachsene </span></p>
<p>Im Februar 2022 wurde eine neue Webseite online gesteltt, die die Suche nach Informatinen zu den Leistungen der spezialisierten Institutionen für Erwachsene im Kanton Freiburg ermöglicht.</p>
<p style="text-align: left;"><br /><span style="color: #000000; font-size: 24pt;"><strong><a style="color: #000000;" href="https://www.infri-guide.ch/fr" target="_blank" rel="noopener">www.infri-guide.ch</a></strong></span></p>
<p style="text-align: left;"><span style="font-size: 18pt;"><a href="https://dev.infri.ch/wp-content/uploads/2022/04/infri-guide-communique-de.pages.pdf" target="_blank" rel="noopener"><img loading="lazy" decoding="async" class="wp-image-7588 size-medium alignleft" src="https://dev.infri.ch/wp-content/uploads/2022/04/Capture-decran-2022-04-19-a-11.27.18-218x300.png" alt="" width="218" height="300" srcset="https://dev.infri.ch/wp-content/uploads/2022/04/Capture-decran-2022-04-19-a-11.27.18-218x300.png 218w, https://dev.infri.ch/wp-content/uploads/2022/04/Capture-decran-2022-04-19-a-11.27.18.png 658w" sizes="auto, (max-width: 218px) 100vw, 218px" /></a><br /><br /></span></p>
<p style="text-align: left;"><span style="font-size: 18pt;"><a href="https://www.unifr.ch/alma-georges/articles/2022/du-projet-estudiantin-a-la-plate-forme-innovante" target="_blank" rel="noopener">Publikation Artikel infri-guide im Alma&amp;Georges (das Online-Magazin der Universität Freiburg) &#8211; 23.03.2022</a></span></p>

<p>Ein innovatives Tool zur Information über die Leistungen für Erwachsene  Im Februar 2022 wurde eine neue Webseite online gesteltt, die die Suche nach Informatinen zu den Leistungen der spezialisierten Institutionen für Erwachsene im Kanton Freiburg ermöglicht. www.infri-guide.ch Publikation Artikel infri-guide im Alma&amp;Georges (das Online-Magazin der Universität Freiburg) &#8211; 23.03.2022</p>

<!-- This site is optimized with the Yoast SEO plugin v26.8 - https://yoast.com/product/yoast-seo-wordpress/ -->
<title>infri&#039;guide &#8211; infri</title>
<meta name="robots" content="index, follow, max-snippet:-1, max-image-preview:large, max-video-preview:-1" />
<link rel="canonical" href="https://dev.infri.ch/de/infriguide/" />
<meta property="og:locale" content="de_DE" />
<meta property="og:type" content="article" />
<meta property="og:title" content="infri&#039;guide &#8211; infri" />
<meta property="og:description" content="Ein innovatives Tool zur Information über die Leistungen für Erwachsene  Im Februar 2022 wurde eine neue Webseite online gesteltt, die die Suche nach Informatinen zu den Leistungen der spezialisierten Institutionen für Erwachsene im Kanton Freiburg ermöglicht. www.infri-guide.ch Publikation Artikel infri-guide im Alma&amp;Georges (das Online-Magazin der Universität Freiburg) &#8211; 23.03.2022" />
<meta property="og:url" content="https://dev.infri.ch/de/infriguide/" />
<meta property="og:site_name" content="infri" />
<meta property="article:modified_time" content="2022-06-13T07:51:52+00:00" />
<meta property="og:image" content="https://dev.infri.ch/wp-content/uploads/2022/02/Bildschirmfoto-2022-02-11-um-20.31.10.png" />
<meta name="twitter:card" content="summary_large_image" />
<meta name="twitter:label1" content="Geschätzte Lesezeit" />
	<meta name="twitter:data1" content="1 Minute" />
<script type="application/ld+json" class="yoast-schema-graph">{"@context":"https://schema.org","@graph":[{"@type":"WebPage","@id":"https://dev.infri.ch/de/infriguide/","url":"https://dev.infri.ch/de/infriguide/","name":"infri'guide &#8211; infri","isPartOf":{"@id":"https://dev.infri.ch/de/#website"},"primaryImageOfPage":{"@id":"https://dev.infri.ch/de/infriguide/#primaryimage"},"image":{"@id":"https://dev.infri.ch/de/infriguide/#primaryimage"},"thumbnailUrl":"https://dev.infri.ch/wp-content/uploads/2022/02/Bildschirmfoto-2022-02-11-um-20.31.10.png","datePublished":"2022-02-11T19:03:09+00:00","dateModified":"2022-06-13T07:51:52+00:00","breadcrumb":{"@id":"https://dev.infri.ch/de/infriguide/#breadcrumb"},"inLanguage":"de","potentialAction":[{"@type":"ReadAction","target":["https://dev.infri.ch/de/infriguide/"]}]},{"@type":"ImageObject","inLanguage":"de","@id":"https://dev.infri.ch/de/infriguide/#primaryimage","url":"https://dev.infri.ch/wp-content/uploads/2022/02/Bildschirmfoto-2022-02-11-um-20.31.10.png","contentUrl":"https://dev.infri.ch/wp-content/uploads/2022/02/Bildschirmfoto-2022-02-11-um-20.31.10.png"},{"@type":"BreadcrumbList","@id":"https://dev.infri.ch/de/infriguide/#breadcrumb","itemListElement":[{"@type":"ListItem","position":1,"name":"Accueil","item":"https://dev.infri.ch/de/"},{"@type":"ListItem","position":2,"name":"infri&rsquo;guide"}]},{"@type":"WebSite","@id":"https://dev.infri.ch/de/#website","url":"https://dev.infri.ch/de/","name":"infri","description":"l&#039;association représentant les institutions spécialisées fribourgeoises","potentialAction":[{"@type":"SearchAction","target":{"@type":"EntryPoint","urlTemplate":"https://dev.infri.ch/de/?s={search_term_string}"},"query-input":{"@type":"PropertyValueSpecification","valueRequired":true,"valueName":"search_term_string"}}],"inLanguage":"de"}]}</script>
<!-- / Yoast SEO plugin. -->

Ein innovatives Tool zur Information über die Leistungen für Erwachsene  Im Februar 2022 wurde eine neue Webseite online gesteltt, die die Suche nach Informatinen zu den Leistungen der spezialisierten Institutionen für Erwachsene im Kanton Freiburg ermöglicht. www.infri-guide.ch Publikation Artikel infri-guide im Alma&amp;Georges (das Online-Magazin der Universität Freiburg) &#8211; 23.03.2022

l&#039;association représentant les institutions spécialisées fribourgeoises
